{"version":"1.0","provider_name":"BabaMarket.hu","provider_url":"https:\/\/babamarket.cafeblog.hu","author_name":"BabaMarket","author_url":"https:\/\/babamarket.cafeblog.hu\/author\/babamarket\/","title":"Koronav\u00edrus terhesen","html":"<h2>Mire sz\u00e1m\u00edts az \u00faj koronav\u00edrussal kapcsolatban, ha terhes vagy \u00e9s pici bab\u00e1t v\u00e1rsz<\/h2>\r\n<p>Megn\u00e9zt\u00fck a nemzetk\u00f6zi javaslatokat \u00e9s \u00f6sszegy\u0171jt\u00f6tt\u00fck a legt\u00f6bb k\u00e9rd\u00e9st, ami felvet\u0151d\u00f6tt azzal kapcsolatosan, hogy mi a teend\u0151 koronav\u00edrus idej\u00e9n terhesen.<\/p>\r\n<p><strong>Az al\u00e1bbi inform\u00e1ci\u00f3t tudhatod meg:<\/strong><\/p>\r\n<ul>\r\n<li>Milyen hat\u00e1ssal van a koronav\u00edrus a terhes n\u0151kre?<\/li>\r\n<li>Milyen hat\u00e1ssal van a koronav\u00edrus a bab\u00e1kra?<\/li>\r\n<li>Mit lehet tenni annak \u00e9rdek\u00e9ben, hogy cs\u00f6kkentsem a koronav\u00edrus megfert\u0151z\u0151d\u00e9s kock\u00e1zat\u00e1t?<\/li>\r\n<li>Mi\u00e9rt sz\u00e1m\u00edtanak a terhes n\u0151k kock\u00e1zatosabbnak, s\u00e9r\u00fcl\u00e9kenyebbnek?<\/li>\r\n<li>Mi a tan\u00e1cs arra az esetre, ha eg\u00e9szs\u00e9g\u00fcgyi dolgoz\u00f3 vagyok \u00e9s terhes?<\/li>\r\n<li>Tan\u00e1csok terhes eg\u00e9szs\u00e9g\u00fcgyi dolgoz\u00f3k sz\u00e1m\u00e1ra 28 hetes terhess\u00e9g el\u0151tt<\/li>\r\n<li>Tan\u00e1csok a v\u00e1rand\u00f3s eg\u00e9szs\u00e9g\u00fcgyi dolgoz\u00f3k sz\u00e1m\u00e1ra 28 hetes terhess\u00e9g ut\u00e1n vagy fenn\u00e1ll\u00f3 eg\u00e9szs\u00e9gi \u00e1llapotuk eset\u00e9n<\/li>\r\n<li>R\u00e9szt kell-e venni a terhesgondoz\u00e1son?<\/li>\r\n<li>Utaz\u00e1si tan\u00e1csok v\u00e1rand\u00f3s\u00e1g eset\u00e9n a koronav\u00edrus j\u00e1rv\u00e1ny alatt<\/li>\r\n<li>Mit tegyek, ha \u00fagy gondolom, hogy koronav\u00edrusom van?<\/li>\r\n<li>Mi fog t\u00f6rt\u00e9nni, ha meggy\u00f3gyultam a koronav\u00edrusos fert\u0151z\u00e9sb\u0151l<\/li>\r\n<li>Mit tegyek, ha rosszul \u00e9rzem magam, vagy agg\u00f3dok a kisbab\u00e1m miatt az elszigetel\u0151d\u00e9s alatt?<\/li>\r\n<li>A gyan\u00fas vagy meger\u0151s\u00edtett koronav\u00edrus befoly\u00e1solja a sz\u00fcl\u00e9s m\u00f3dj\u00e1t?<\/li>\r\n<li>\u00c1tadhatom-e a koronav\u00edrust a bab\u00e1mnak?<\/li>\r\n<li>Megvizsg\u00e1lj\u00e1k, tesztelik a bab\u00e1mat koronav\u00edrus miatt?<\/li>\r\n<\/ul>\r\n<p style=\"text-align: center\">Ha k\u00edv\u00e1ncsi vagy a v\u00e1laszokra akkor kattints az al\u00e1bbi linkre:<\/p>\r\n<h3 style=\"text-align: center\"><a href=\"https:\/\/babamarket.hu\/koronavirus-terhesen-vagy-pici-babaval\"><strong>Koronav\u00edrus terhesen vagy pici bab\u00e1val - teljes cikk<\/strong><\/a><\/h3>\r\n<p>&nbsp;<\/p>","type":"rich"}

Koronavírus terhesen

<h2>Mire számíts az új koronavírussal kapcsolatban, ha terhes vagy és pici babát vársz</h2>
<p>Megnéztük a nemzetközi javaslatokat és összegyűjtöttük a legtöbb kérdést, ami felvetődött azzal kapcsolatosan, hogy mi a teendő koronavírus idején terhesen.</p>
<p><strong>Az alábbi információt tudhatod meg:</strong></p>
<ul>
<li>Milyen hatással van a koronavírus a terhes nőkre?</li>
<li>Milyen hatással van a koronavírus a babákra?</li>
<li>Mit lehet tenni annak érdekében, hogy csökkentsem a koronavírus megfertőződés kockázatát?</li>
<li>Miért számítanak a terhes nők kockázatosabbnak, sérülékenyebbnek?</li>
<li>Mi a tanács arra az esetre, ha egészségügyi dolgozó vagyok és terhes?</li>
<li>Tanácsok terhes egészségügyi dolgozók számára 28 hetes terhesség előtt</li>
<li>Tanácsok a várandós egészségügyi dolgozók számára 28 hetes terhesség után vagy fennálló egészségi állapotuk esetén</li>
<li>Részt kell-e venni a terhesgondozáson?</li>
<li>Utazási tanácsok várandóság esetén a koronavírus járvány alatt</li>
<li>Mit tegyek, ha úgy gondolom, hogy koronavírusom van?</li>
<li>Mi fog történni, ha meggyógyultam a koronavírusos fertőzésből</li>
<li>Mit tegyek, ha rosszul érzem magam, vagy aggódok a kisbabám miatt az elszigetelődés alatt?</li>
<li>A gyanús vagy megerősített koronavírus befolyásolja a szülés módját?</li>
<li>Átadhatom-e a koronavírust a babámnak?</li>
<li>Megvizsgálják, tesztelik a babámat koronavírus miatt?</li>
</ul>
<p style="text-align: center">Ha kíváncsi vagy a válaszokra akkor kattints az alábbi linkre:</p>
<h3 style="text-align: center"><a href="https://babamarket.hu/koronavirus-terhesen-vagy-pici-babaval"><strong>Koronavírus terhesen vagy pici babával - teljes cikk</strong></a></h3>
<p>&nbsp;</p>
